{"id":2,"date":"2023-03-31T07:30:11","date_gmt":"2023-03-31T07:30:11","guid":{"rendered":"https:\/\/www.omc-bad-schmiedeberg.com\/?page_id=2"},"modified":"2026-02-25T15:17:39","modified_gmt":"2026-02-25T15:17:39","slug":"sample-page","status":"publish","type":"page","link":"https:\/\/www.omc-bad-schmiedeberg.com\/","title":{"rendered":"OMC &#8211; Oldtimer Motorrad Club Bad Schmiedeberg"},"content":{"rendered":"\t\t<div data-elementor-type=\"wp-page\" data-elementor-id=\"2\" class=\"elementor elementor-2\">\n\t\t\t\t\t\t\t\t\t<section class=\"elementor-section elementor-top-section elementor-element elementor-element-849e686 elementor-section-boxed elementor-section-height-default elementor-section-height-default\" data-id=\"849e686\" data-element_type=\"section\">\n\t\t\t\t\t\t<div class=\"elementor-container elementor-column-gap-default\">\n\t\t\t\t\t<div class=\"elementor-column elementor-col-100 elementor-top-column elementor-element elementor-element-9d993db\" data-id=\"9d993db\" data-element_type=\"column\">\n\t\t\t<div class=\"elementor-widget-wrap elementor-element-populated\">\n\t\t\t\t\t\t\t\t<div class=\"elementor-element elementor-element-3b68c4f elementor-widget elementor-widget-heading\" data-id=\"3b68c4f\" data-element_type=\"widget\" data-widget_type=\"heading.default\">\n\t\t\t\t<div class=\"elementor-widget-container\">\n\t\t\t<style>\/*! elementor - v3.12.0 - 29-03-2023 *\/\n.elementor-heading-title{padding:0;margin:0;line-height:1}.elementor-widget-heading .elementor-heading-title[class*=elementor-size-]>a{color:inherit;font-size:inherit;line-height:inherit}.elementor-widget-heading .elementor-heading-title.elementor-size-small{font-size:15px}.elementor-widget-heading .elementor-heading-title.elementor-size-medium{font-size:19px}.elementor-widget-heading .elementor-heading-title.elementor-size-large{font-size:29px}.elementor-widget-heading .elementor-heading-title.elementor-size-xl{font-size:39px}.elementor-widget-heading .elementor-heading-title.elementor-size-xxl{font-size:59px}<\/style><h2 class=\"elementor-heading-title elementor-size-default\">OMC - Oldtimer Motorrad Club Bad Schmiedeberg<\/h2>\t\t<\/div>\n\t\t\t\t<\/div>\n\t\t\t\t\t<\/div>\n\t\t<\/div>\n\t\t\t\t\t\t\t<\/div>\n\t\t<\/section>\n\t\t\t\t<section class=\"elementor-section elementor-top-section elementor-element elementor-element-4594074a elementor-section-boxed elementor-section-height-default elementor-section-height-default\" data-id=\"4594074a\" data-element_type=\"section\">\n\t\t\t\t\t\t<div class=\"elementor-container elementor-column-gap-default\">\n\t\t\t\t\t<div class=\"elementor-column elementor-col-100 elementor-top-column elementor-element elementor-element-6e98ac37\" data-id=\"6e98ac37\" data-element_type=\"column\">\n\t\t\t<div class=\"elementor-widget-wrap elementor-element-populated\">\n\t\t\t\t\t\t\t\t<div class=\"elementor-element elementor-element-2ee22ad8 elementor-widget elementor-widget-text-editor\" data-id=\"2ee22ad8\" data-element_type=\"widget\" data-widget_type=\"text-editor.default\">\n\t\t\t\t<div class=\"elementor-widget-container\">\n\t\t\t<style>\/*! elementor - v3.12.0 - 29-03-2023 *\/\n.elementor-widget-text-editor.elementor-drop-cap-view-stacked .elementor-drop-cap{background-color:#69727d;color:#fff}.elementor-widget-text-editor.elementor-drop-cap-view-framed .elementor-drop-cap{color:#69727d;border:3px solid;background-color:transparent}.elementor-widget-text-editor:not(.elementor-drop-cap-view-default) .elementor-drop-cap{margin-top:8px}.elementor-widget-text-editor:not(.elementor-drop-cap-view-default) .elementor-drop-cap-letter{width:1em;height:1em}.elementor-widget-text-editor .elementor-drop-cap{float:left;text-align:center;line-height:1;font-size:50px}.elementor-widget-text-editor .elementor-drop-cap-letter{display:inline-block}<\/style>\t\t\t\t<p><!-- wp:image {\"align\":\"center\",\"id\":16,\"sizeSlug\":\"large\",\"linkDestination\":\"none\"} --><\/p>\n<figure class=\"wp-block-image aligncenter size-large\"><img loading=\"lazy\" decoding=\"async\" width=\"400\" height=\"222\" class=\"wp-image-16\" src=\"https:\/\/www.omc-bad-schmiedeberg.com\/wp-content\/uploads\/2023\/03\/OMC_Logo_v2.png\" alt=\"\" srcset=\"https:\/\/www.omc-bad-schmiedeberg.com\/wp-content\/uploads\/2023\/03\/OMC_Logo_v2.png 400w, https:\/\/www.omc-bad-schmiedeberg.com\/wp-content\/uploads\/2023\/03\/OMC_Logo_v2-300x167.png 300w\" sizes=\"auto, (max-width: 400px) 100vw, 400px\" \/><\/figure>\n<p><!-- \/wp:image --><\/p>\n<p><!-- wp:heading {\"textAlign\":\"center\",\"align\":\"wide\",\"style\":{\"typography\":{\"fontStyle\":\"normal\",\"fontWeight\":\"600\"}}} --><\/p>\n<p><!-- \/wp:heading --><\/p>\n<p><!-- wp:paragraph --><\/p>\n<p><!-- \/wp:paragraph --><\/p>\t\t\t\t\t\t<\/div>\n\t\t\t\t<\/div>\n\t\t\t\t<div class=\"elementor-element elementor-element-7f3b672 elementor-widget elementor-widget-text-editor\" data-id=\"7f3b672\" data-element_type=\"widget\" data-widget_type=\"text-editor.default\">\n\t\t\t\t<div class=\"elementor-widget-container\">\n\t\t\t\t\t\t\t<p>Der Oldtimer Motorrad Club Bad Schmiedeberg l\u00e4dt ein zum:<\/p>\t\t\t\t\t\t<\/div>\n\t\t\t\t<\/div>\n\t\t\t\t\t<\/div>\n\t\t<\/div>\n\t\t\t\t\t\t\t<\/div>\n\t\t<\/section>\n\t\t\t\t<section class=\"elementor-section elementor-top-section elementor-element elementor-element-03e3b79 elementor-section-boxed elementor-section-height-default elementor-section-height-default\" data-id=\"03e3b79\" data-element_type=\"section\">\n\t\t\t\t\t\t<div class=\"elementor-container elementor-column-gap-default\">\n\t\t\t\t\t<div class=\"elementor-column elementor-col-100 elementor-top-column elementor-element elementor-element-7fd0a53\" data-id=\"7fd0a53\" data-element_type=\"column\">\n\t\t\t<div class=\"elementor-widget-wrap elementor-element-populated\">\n\t\t\t\t\t\t\t\t<div class=\"elementor-element elementor-element-2a1fe12 elementor-widget elementor-widget-text-editor\" data-id=\"2a1fe12\" data-element_type=\"widget\" data-widget_type=\"text-editor.default\">\n\t\t\t\t<div class=\"elementor-widget-container\">\n\t\t\t\t\t\t\t<p>21. Bad Schmiedeberger Oldtimer- Motorrad- Treffen<\/p>\n<p>Schwerpunkt:<\/p>\n<p style=\"font-size:96px;\">Motorr\u00e4der der 80er Jahre<\/p>\t\t\t\t\t\t<\/div>\n\t\t\t\t<\/div>\n\t\t\t\t<div class=\"elementor-element elementor-element-b022fc0 elementor-widget elementor-widget-image\" data-id=\"b022fc0\" data-element_type=\"widget\" data-widget_type=\"image.default\">\n\t\t\t\t<div class=\"elementor-widget-container\">\n\t\t\t<style>\/*! elementor - v3.12.0 - 29-03-2023 *\/\n.elementor-widget-image{text-align:center}.elementor-widget-image a{display:inline-block}.elementor-widget-image a img[src$=\".svg\"]{width:48px}.elementor-widget-image img{vertical-align:middle;display:inline-block}<\/style>\t\t\t\t\t\t\t\t\t\t\t\t<img loading=\"lazy\" decoding=\"async\" width=\"800\" height=\"360\" src=\"https:\/\/www.omc-bad-schmiedeberg.com\/wp-content\/uploads\/2026\/02\/OMC_sw_2026-1024x461.jpg\" class=\"attachment-large size-large wp-image-152\" alt=\"\" srcset=\"https:\/\/www.omc-bad-schmiedeberg.com\/wp-content\/uploads\/2026\/02\/OMC_sw_2026-1024x461.jpg 1024w, https:\/\/www.omc-bad-schmiedeberg.com\/wp-content\/uploads\/2026\/02\/OMC_sw_2026-300x135.jpg 300w, https:\/\/www.omc-bad-schmiedeberg.com\/wp-content\/uploads\/2026\/02\/OMC_sw_2026-768x346.jpg 768w, https:\/\/www.omc-bad-schmiedeberg.com\/wp-content\/uploads\/2026\/02\/OMC_sw_2026.jpg 1269w\" sizes=\"auto, (max-width: 800px) 100vw, 800px\" \/>\t\t\t\t\t\t\t\t\t\t\t\t\t\t\t<\/div>\n\t\t\t\t<\/div>\n\t\t\t\t<div class=\"elementor-element elementor-element-b8689ed elementor-widget elementor-widget-text-editor\" data-id=\"b8689ed\" data-element_type=\"widget\" data-widget_type=\"text-editor.default\">\n\t\t\t\t<div class=\"elementor-widget-container\">\n\t\t\t\t\t\t\t<h1>Ort: Kurhausvorplatz Bad Schmiedeberg<br \/>Termin: 23.05.2026<\/h1>\n<p>Programm:<br \/><strong>\u2022 MOTORRAD-VERLOSUNG<\/strong> <br \/>\u2022 Benzingespr\u00e4che <br \/>\u2022 Pr\u00e4sentationen <br \/>\u2022 Spiele<\/p>\n<p style=\"color: #a21d1d;\">POKALE\u00a0<\/p>\n<p>Beginn: 10:00 Uhr<br \/>Kostenloser Eintritt<br \/>F\u00fcr das leibliche Wohl ist gesorgt!<\/p>\t\t\t\t\t\t<\/div>\n\t\t\t\t<\/div>\n\t\t\t\t<div class=\"elementor-element elementor-element-0c407d4 elementor-align-center elementor-widget elementor-widget-button\" data-id=\"0c407d4\" data-element_type=\"widget\" data-widget_type=\"button.default\">\n\t\t\t\t<div class=\"elementor-widget-container\">\n\t\t\t\t\t<div class=\"elementor-button-wrapper\">\n\t\t\t<a href=\"https:\/\/www.omc-bad-schmiedeberg.com\/wp-content\/uploads\/2026\/02\/21-80er-Motorraeder.pdf\" target=\"_blank\" class=\"elementor-button-link elementor-button elementor-size-xl\" role=\"button\">\n\t\t\t\t\t\t<span class=\"elementor-button-content-wrapper\">\n\t\t\t\t\t\t<span class=\"elementor-button-text\">Flyer als PDF herunterladen<\/span>\n\t\t<\/span>\n\t\t\t\t\t<\/a>\n\t\t<\/div>\n\t\t\t\t<\/div>\n\t\t\t\t<\/div>\n\t\t\t\t<div class=\"elementor-element elementor-element-16d6127 elementor-widget elementor-widget-image-gallery\" data-id=\"16d6127\" data-element_type=\"widget\" data-widget_type=\"image-gallery.default\">\n\t\t\t\t<div class=\"elementor-widget-container\">\n\t\t\t<style>\/*! elementor - v3.12.0 - 29-03-2023 *\/\n.elementor-image-gallery .gallery-item{display:inline-block;text-align:center;vertical-align:top;width:100%;max-width:100%;margin:0 auto}.elementor-image-gallery .gallery-item img{margin:0 auto}.elementor-image-gallery .gallery-item .gallery-caption{margin:0}.elementor-image-gallery figure img{display:block}.elementor-image-gallery figure figcaption{width:100%}.gallery-spacing-custom .elementor-image-gallery .gallery-icon{padding:0}@media (min-width:768px){.elementor-image-gallery .gallery-columns-2 .gallery-item{max-width:50%}.elementor-image-gallery .gallery-columns-3 .gallery-item{max-width:33.33%}.elementor-image-gallery .gallery-columns-4 .gallery-item{max-width:25%}.elementor-image-gallery .gallery-columns-5 .gallery-item{max-width:20%}.elementor-image-gallery .gallery-columns-6 .gallery-item{max-width:16.666%}.elementor-image-gallery .gallery-columns-7 .gallery-item{max-width:14.28%}.elementor-image-gallery .gallery-columns-8 .gallery-item{max-width:12.5%}.elementor-image-gallery .gallery-columns-9 .gallery-item{max-width:11.11%}.elementor-image-gallery .gallery-columns-10 .gallery-item{max-width:10%}}@media (min-width:480px) and (max-width:767px){.elementor-image-gallery .gallery.gallery-columns-2 .gallery-item,.elementor-image-gallery .gallery.gallery-columns-3 .gallery-item,.elementor-image-gallery .gallery.gallery-columns-4 .gallery-item,.elementor-image-gallery .gallery.gallery-columns-5 .gallery-item,.elementor-image-gallery .gallery.gallery-columns-6 .gallery-item,.elementor-image-gallery .gallery.gallery-columns-7 .gallery-item,.elementor-image-gallery .gallery.gallery-columns-8 .gallery-item,.elementor-image-gallery .gallery.gallery-columns-9 .gallery-item,.elementor-image-gallery .gallery.gallery-columns-10 .gallery-item{max-width:50%}}@media (max-width:479px){.elementor-image-gallery .gallery.gallery-columns-2 .gallery-item,.elementor-image-gallery .gallery.gallery-columns-3 .gallery-item,.elementor-image-gallery .gallery.gallery-columns-4 .gallery-item,.elementor-image-gallery .gallery.gallery-columns-5 .gallery-item,.elementor-image-gallery .gallery.gallery-columns-6 .gallery-item,.elementor-image-gallery .gallery.gallery-columns-7 .gallery-item,.elementor-image-gallery .gallery.gallery-columns-8 .gallery-item,.elementor-image-gallery .gallery.gallery-columns-9 .gallery-item,.elementor-image-gallery .gallery.gallery-columns-10 .gallery-item{max-width:100%}}<\/style>\t\t<div class=\"elementor-image-gallery\">\n\t\t\t<div id='gallery-1' class='gallery galleryid-2 gallery-columns-3 gallery-size-medium_large'><figure class='gallery-item'>\n\t\t\t<div class='gallery-icon landscape'>\n\t\t\t\t<a data-elementor-open-lightbox=\"yes\" data-elementor-lightbox-slideshow=\"16d6127\" data-elementor-lightbox-title=\"omc_02\" data-e-action-hash=\"#elementor-action%3Aaction%3Dlightbox%26settings%3DeyJpZCI6NjYsInVybCI6Imh0dHBzOlwvXC93d3cub21jLWJhZC1zY2htaWVkZWJlcmcuY29tXC93cC1jb250ZW50XC91cGxvYWRzXC8yMDIzXC8wM1wvb21jXzAyLmpwZyIsInNsaWRlc2hvdyI6IjE2ZDYxMjcifQ%3D%3D\" href='https:\/\/www.omc-bad-schmiedeberg.com\/wp-content\/uploads\/2023\/03\/omc_02.jpg'><img loading=\"lazy\" decoding=\"async\" width=\"768\" height=\"768\" src=\"https:\/\/www.omc-bad-schmiedeberg.com\/wp-content\/uploads\/2023\/03\/omc_02-768x768.jpg\" class=\"attachment-medium_large size-medium_large\" alt=\"\" srcset=\"https:\/\/www.omc-bad-schmiedeberg.com\/wp-content\/uploads\/2023\/03\/omc_02-768x768.jpg 768w, https:\/\/www.omc-bad-schmiedeberg.com\/wp-content\/uploads\/2023\/03\/omc_02-300x300.jpg 300w, https:\/\/www.omc-bad-schmiedeberg.com\/wp-content\/uploads\/2023\/03\/omc_02-1024x1024.jpg 1024w, https:\/\/www.omc-bad-schmiedeberg.com\/wp-content\/uploads\/2023\/03\/omc_02-150x150.jpg 150w, https:\/\/www.omc-bad-schmiedeberg.com\/wp-content\/uploads\/2023\/03\/omc_02.jpg 1536w\" sizes=\"auto, (max-width: 768px) 100vw, 768px\" \/><\/a>\n\t\t\t<\/div><\/figure><figure class='gallery-item'>\n\t\t\t<div class='gallery-icon landscape'>\n\t\t\t\t<a data-elementor-open-lightbox=\"yes\" data-elementor-lightbox-slideshow=\"16d6127\" data-elementor-lightbox-title=\"omc_03\" data-e-action-hash=\"#elementor-action%3Aaction%3Dlightbox%26settings%3DeyJpZCI6NjcsInVybCI6Imh0dHBzOlwvXC93d3cub21jLWJhZC1zY2htaWVkZWJlcmcuY29tXC93cC1jb250ZW50XC91cGxvYWRzXC8yMDIzXC8wM1wvb21jXzAzLmpwZyIsInNsaWRlc2hvdyI6IjE2ZDYxMjcifQ%3D%3D\" href='https:\/\/www.omc-bad-schmiedeberg.com\/wp-content\/uploads\/2023\/03\/omc_03.jpg'><img loading=\"lazy\" decoding=\"async\" width=\"768\" height=\"768\" src=\"https:\/\/www.omc-bad-schmiedeberg.com\/wp-content\/uploads\/2023\/03\/omc_03-768x768.jpg\" class=\"attachment-medium_large size-medium_large\" alt=\"\" srcset=\"https:\/\/www.omc-bad-schmiedeberg.com\/wp-content\/uploads\/2023\/03\/omc_03-768x768.jpg 768w, https:\/\/www.omc-bad-schmiedeberg.com\/wp-content\/uploads\/2023\/03\/omc_03-300x300.jpg 300w, https:\/\/www.omc-bad-schmiedeberg.com\/wp-content\/uploads\/2023\/03\/omc_03-1024x1024.jpg 1024w, https:\/\/www.omc-bad-schmiedeberg.com\/wp-content\/uploads\/2023\/03\/omc_03-150x150.jpg 150w, https:\/\/www.omc-bad-schmiedeberg.com\/wp-content\/uploads\/2023\/03\/omc_03.jpg 1431w\" sizes=\"auto, (max-width: 768px) 100vw, 768px\" \/><\/a>\n\t\t\t<\/div><\/figure><figure class='gallery-item'>\n\t\t\t<div class='gallery-icon landscape'>\n\t\t\t\t<a data-elementor-open-lightbox=\"yes\" data-elementor-lightbox-slideshow=\"16d6127\" data-elementor-lightbox-title=\"omc_01\" data-e-action-hash=\"#elementor-action%3Aaction%3Dlightbox%26settings%3DeyJpZCI6NjUsInVybCI6Imh0dHBzOlwvXC93d3cub21jLWJhZC1zY2htaWVkZWJlcmcuY29tXC93cC1jb250ZW50XC91cGxvYWRzXC8yMDIzXC8wM1wvb21jXzAxLmpwZyIsInNsaWRlc2hvdyI6IjE2ZDYxMjcifQ%3D%3D\" href='https:\/\/www.omc-bad-schmiedeberg.com\/wp-content\/uploads\/2023\/03\/omc_01.jpg'><img loading=\"lazy\" decoding=\"async\" width=\"768\" height=\"768\" src=\"https:\/\/www.omc-bad-schmiedeberg.com\/wp-content\/uploads\/2023\/03\/omc_01-768x768.jpg\" class=\"attachment-medium_large size-medium_large\" alt=\"\" srcset=\"https:\/\/www.omc-bad-schmiedeberg.com\/wp-content\/uploads\/2023\/03\/omc_01-768x768.jpg 768w, https:\/\/www.omc-bad-schmiedeberg.com\/wp-content\/uploads\/2023\/03\/omc_01-300x300.jpg 300w, https:\/\/www.omc-bad-schmiedeberg.com\/wp-content\/uploads\/2023\/03\/omc_01-1024x1024.jpg 1024w, https:\/\/www.omc-bad-schmiedeberg.com\/wp-content\/uploads\/2023\/03\/omc_01-150x150.jpg 150w, https:\/\/www.omc-bad-schmiedeberg.com\/wp-content\/uploads\/2023\/03\/omc_01.jpg 1536w\" sizes=\"auto, (max-width: 768px) 100vw, 768px\" \/><\/a>\n\t\t\t<\/div><\/figure>\n\t\t<\/div>\n\t\t<\/div>\n\t\t\t\t<\/div>\n\t\t\t\t<\/div>\n\t\t\t\t<div class=\"elementor-element elementor-element-8b49df1 elementor-widget elementor-widget-text-editor\" data-id=\"8b49df1\" data-element_type=\"widget\" data-widget_type=\"text-editor.default\">\n\t\t\t\t<div class=\"elementor-widget-container\">\n\t\t\t\t\t\t\t<p>Kontaktadresse:<br \/>J\u00f6rg Th\u00fcrmer<br \/>Telefon: 034925\/70161<br \/>Handy: 0162\/9219793<\/p>\n<p>&#8211; Veranstalter: EMBS Kur GmbH &#8211;<br \/><br \/>Der Veranstalter lehnt gegen\u00fcber dem Teilnehmer jede Haftung f\u00fcr Personen-, Sach- und Verm\u00f6genssch\u00e4den ab!<\/p>\t\t\t\t\t\t<\/div>\n\t\t\t\t<\/div>\n\t\t\t\t\t<\/div>\n\t\t<\/div>\n\t\t\t\t\t\t\t<\/div>\n\t\t<\/section>\n\t\t\t\t<section class=\"elementor-section elementor-top-section elementor-element elementor-element-72a8d2c elementor-section-boxed elementor-section-height-default elementor-section-height-default\" data-id=\"72a8d2c\" data-element_type=\"section\">\n\t\t\t\t\t\t<div class=\"elementor-container elementor-column-gap-default\">\n\t\t\t\t\t<div class=\"elementor-column elementor-col-100 elementor-top-column elementor-element elementor-element-4d4ea9e\" data-id=\"4d4ea9e\" data-element_type=\"column\">\n\t\t\t<div class=\"elementor-widget-wrap\">\n\t\t\t\t\t\t\t\t\t<\/div>\n\t\t<\/div>\n\t\t\t\t\t\t\t<\/div>\n\t\t<\/section>\n\t\t\t\t\t\t\t<\/div>\n\t\t","protected":false},"excerpt":{"rendered":"<p>OMC &#8211; Oldtimer Motorrad Club Bad Schmiedeberg Der Oldtimer Motorrad Club Bad Schmiedeberg l\u00e4dt ein zum: 21. Bad Schmiedeberger Oldtimer- Motorrad- Treffen Schwerpunkt: Motorr\u00e4der der 80er Jahre Ort: Kurhausvorplatz Bad SchmiedebergTermin: 23.05.2026 Programm:\u2022 MOTORRAD-VERLOSUNG \u2022 Benzingespr\u00e4che \u2022 Pr\u00e4sentationen \u2022 Spiele POKALE\u00a0 Beginn: 10:00 UhrKostenloser EintrittF\u00fcr das leibliche Wohl ist gesorgt! Flyer als PDF herunterladen Kontaktadresse:J\u00f6rg [&hellip;]<\/p>\n","protected":false},"author":1,"featured_media":0,"parent":0,"menu_order":0,"comment_status":"closed","ping_status":"closed","template":"","meta":{"footnotes":""},"class_list":["post-2","page","type-page","status-publish","hentry"],"_links":{"self":[{"href":"https:\/\/www.omc-bad-schmiedeberg.com\/index.php\/wp-json\/wp\/v2\/pages\/2","targetHints":{"allow":["GET"]}}],"collection":[{"href":"https:\/\/www.omc-bad-schmiedeberg.com\/index.php\/wp-json\/wp\/v2\/pages"}],"about":[{"href":"https:\/\/www.omc-bad-schmiedeberg.com\/index.php\/wp-json\/wp\/v2\/types\/page"}],"author":[{"embeddable":true,"href":"https:\/\/www.omc-bad-schmiedeberg.com\/index.php\/wp-json\/wp\/v2\/users\/1"}],"replies":[{"embeddable":true,"href":"https:\/\/www.omc-bad-schmiedeberg.com\/index.php\/wp-json\/wp\/v2\/comments?post=2"}],"version-history":[{"count":86,"href":"https:\/\/www.omc-bad-schmiedeberg.com\/index.php\/wp-json\/wp\/v2\/pages\/2\/revisions"}],"predecessor-version":[{"id":158,"href":"https:\/\/www.omc-bad-schmiedeberg.com\/index.php\/wp-json\/wp\/v2\/pages\/2\/revisions\/158"}],"wp:attachment":[{"href":"https:\/\/www.omc-bad-schmiedeberg.com\/index.php\/wp-json\/wp\/v2\/media?parent=2"}],"curies":[{"name":"wp","href":"https:\/\/api.w.org\/{rel}","templated":true}]}}